{"id":24,"date":"2022-12-25T08:10:39","date_gmt":"2022-12-25T08:10:39","guid":{"rendered":"https:\/\/wolfrichter.de\/?page_id=24"},"modified":"2023-02-24T12:12:51","modified_gmt":"2023-02-24T12:12:51","slug":"wolf-wilhelm-richter-die-kanzlei-der-anderen-art","status":"publish","type":"page","link":"https:\/\/wolfrichter.de\/","title":{"rendered":"Wolf-Wilhelm Richter"},"content":{"rendered":"\n<p>&nbsp;&nbsp;&nbsp;&nbsp;&nbsp;&nbsp;&nbsp;&nbsp;&nbsp;&nbsp;&nbsp;&nbsp;&nbsp;&nbsp;&nbsp;&nbsp;&nbsp;&nbsp;&nbsp;&nbsp;&nbsp;&nbsp;&nbsp;&nbsp;&nbsp;&nbsp;&nbsp;&nbsp;&nbsp;&nbsp;&nbsp; <strong>\u201eEinen Gerichtsprozess tunlichst vermeiden\u201c<\/strong><\/p>\n\n\n\n<p>Vertrauen Sie der Erfahrung, der Strategie und dem Verhandlungsgeschick eines Bundesrichters a.D.<\/p>\n\n\n\n<p>&nbsp;&nbsp;&nbsp;&nbsp;&nbsp;&nbsp;&nbsp;&nbsp;&nbsp;&nbsp;&nbsp;&nbsp;&nbsp;&nbsp;&nbsp;&nbsp;&nbsp;&nbsp;&nbsp;&nbsp;&nbsp;&nbsp;&nbsp;&nbsp;&nbsp;&nbsp;&nbsp;&nbsp;&nbsp;&nbsp;&nbsp;&nbsp;&nbsp;&nbsp;&nbsp;&nbsp;&nbsp;&nbsp;&nbsp;&nbsp;&nbsp;&nbsp;&nbsp;&nbsp;&nbsp;&nbsp;&nbsp;&nbsp;&nbsp; <strong>Meine Kanzlei<\/strong><\/p>\n\n\n\n<p>Meine Kanzlei, die ich als Einzelanwalt in Berlin-Zehlendorf betreibe, ist eine Anwaltskanzlei der etwas anderen Art.&nbsp;&nbsp;&nbsp;&nbsp;&nbsp;&nbsp;&nbsp;&nbsp;&nbsp;&nbsp;&nbsp;&nbsp;&nbsp;&nbsp;&nbsp;&nbsp;&nbsp;&nbsp;&nbsp;&nbsp;&nbsp;&nbsp;&nbsp;&nbsp;&nbsp;&nbsp;&nbsp;&nbsp;&nbsp;&nbsp;&nbsp;&nbsp;&nbsp;&nbsp;&nbsp;&nbsp;&nbsp;&nbsp;&nbsp;&nbsp;&nbsp;&nbsp;&nbsp;&nbsp;&nbsp;&nbsp;&nbsp;&nbsp;&nbsp;&nbsp;&nbsp;&nbsp;&nbsp;<\/p>\n\n\n<div class=\"wp-block-image is-style-default\">\n<figure class=\"aligncenter size-large is-resized\"><img loading=\"lazy\" decoding=\"async\" src=\"https:\/\/wolfrichter.de\/wp-content\/uploads\/2023\/02\/Portrait-1024x683.jpg\" alt=\"\" class=\"wp-image-104\" width=\"570\" height=\"380\" srcset=\"https:\/\/wolfrichter.de\/wp-content\/uploads\/2023\/02\/Portrait-1024x683.jpg 1024w, https:\/\/wolfrichter.de\/wp-content\/uploads\/2023\/02\/Portrait-300x200.jpg 300w, https:\/\/wolfrichter.de\/wp-content\/uploads\/2023\/02\/Portrait-768x512.jpg 768w, https:\/\/wolfrichter.de\/wp-content\/uploads\/2023\/02\/Portrait-1536x1024.jpg 1536w, https:\/\/wolfrichter.de\/wp-content\/uploads\/2023\/02\/Portrait-2048x1365.jpg 2048w\" sizes=\"auto, (max-width: 570px) 100vw, 570px\" \/><\/figure>\n<\/div>\n\n\n<p>Ich war mein Leben lang Richter (Verwaltungsrichter), zuletzt 16 Jahre am Bundesverwaltungsgericht. Durch meine richterlichen Erfahrungen stellt naturgem\u00e4\u00df das <strong>Verwaltungsrecht <\/strong>einen Schwerpunkt dar.<\/p>\n\n\n\n<p>Seit meiner Pensionierung bin ich inzwischen zwar ganz \u00fcberwiegend rein anwaltlich t\u00e4tig, denke aber weiterhin eher \u201erichterlich\u201c. Mir geht es nicht um anwaltliche Routinesachen, sondern darum, auch komplizierte Streitf\u00e4lle (zun\u00e4chst) in pers\u00f6nlichen Gespr\u00e4chen mit den Beteiligten zu er\u00f6rtern und, wo immer m\u00f6glich, au\u00dfergerichtlich beizulegen. Nat\u00fcrlich vertrete ich die Interessen meiner Mandanten aber auch vor Gericht.<\/p>\n\n\n<div class=\"wp-block-image is-style-rounded\">\n<figure class=\"aligncenter size-full is-resized\"><img loading=\"lazy\" decoding=\"async\" src=\"https:\/\/wolfrichter.de\/wp-content\/uploads\/2022\/12\/IMG_20220216_063006_791-2.jpg\" alt=\"\" class=\"wp-image-25\" width=\"500\" height=\"500\" srcset=\"https:\/\/wolfrichter.de\/wp-content\/uploads\/2022\/12\/IMG_20220216_063006_791-2.jpg 664w, https:\/\/wolfrichter.de\/wp-content\/uploads\/2022\/12\/IMG_20220216_063006_791-2-300x300.jpg 300w, https:\/\/wolfrichter.de\/wp-content\/uploads\/2022\/12\/IMG_20220216_063006_791-2-150x150.jpg 150w\" sizes=\"auto, (max-width: 500px) 100vw, 500px\" \/><figcaption class=\"wp-element-caption\"><strong>EINEN GERICHTSPROZESS TUNLICHST VERMEIDEN!<\/strong><\/figcaption><\/figure>\n<\/div>\n\n\n<p>Neben dem Verwaltungsrecht nehme ich inzwischen quer <strong>durch alle Rechtsgebiete <\/strong>Mandate an, sofern sie keinen Spezialisten erfordern. Bevorzugt Mandate, bei denen es neben juristischen Problemen Kommunikationsst\u00f6rungen gibt, die das direkte Gespr\u00e4ch zwischen den Beteiligten erschweren oder ganz unm\u00f6glich machen.<\/p>\n\n\n\n<p>Durch das Vertrauen, das man mir entgegenbringt, sowie meine ausgleichende Art gelingt es immer wieder, einen f\u00fcr beide Seiten tragbaren <strong>Kompromiss <\/strong>zu finden. Eine einvernehmliche L\u00f6sung ohne gerichtliche Auseinandersetzung spart im \u00fcbrigen f\u00fcr alle Beteiligten <strong>Zeit, Geld und Nerven.<\/strong><\/p>\n\n\n\n<figure class=\"wp-block-image size-full is-style-default\"><img loading=\"lazy\" decoding=\"async\" width=\"1024\" height=\"768\" src=\"https:\/\/wolfrichter.de\/wp-content\/uploads\/2022\/12\/IMG_20220328_064833_721-3.jpg\" alt=\"\" class=\"wp-image-26\" srcset=\"https:\/\/wolfrichter.de\/wp-content\/uploads\/2022\/12\/IMG_20220328_064833_721-3.jpg 1024w, https:\/\/wolfrichter.de\/wp-content\/uploads\/2022\/12\/IMG_20220328_064833_721-3-300x225.jpg 300w, https:\/\/wolfrichter.de\/wp-content\/uploads\/2022\/12\/IMG_20220328_064833_721-3-768x576.jpg 768w, https:\/\/wolfrichter.de\/wp-content\/uploads\/2022\/12\/IMG_20220328_064833_721-3-800x600.jpg 800w, https:\/\/wolfrichter.de\/wp-content\/uploads\/2022\/12\/IMG_20220328_064833_721-3-400x300.jpg 400w\" sizes=\"auto, (max-width: 1024px) 100vw, 1024px\" \/><\/figure>\n\n\n\n<p><\/p>\n\n\n\n<p class=\"has-text-align-center\"><strong>Schwerpunkte<\/strong><\/p>\n\n\n\n<p>Im Vordergrund steht die Beratung der Mandanten mit dem Ziel, den Streit mit der Gegenseite m\u00f6glichst ohne Prozess zu beenden.<\/p>\n\n\n\n<p>Meine Angebote als Streitschlichter und Anwalt vor allem f\u00fcr <strong>Verwaltungs- und Zivilrecht <\/strong>in Berlin und Brandenburg sind im Einzelnen:<\/p>\n\n\n\n<p>allgemeine rechtliche, auch strategische Beratung<\/p>\n\n\n\n<p>Streitschlichtung in allen Rechtsbereichen<\/p>\n\n\n\n<p>anwaltliche Vertretung (etwa vorprozessuale Korrespondenz)<\/p>\n\n\n\n<p>Vertretung vor Gerichten<\/p>\n\n\n\n<p>Teilnahme an Verhandlungen<\/p>\n\n\n\n<div class=\"wp-block-buttons is-content-justification-center is-layout-flex wp-container-core-buttons-is-layout-16018d1d wp-block-buttons-is-layout-flex\">\n<div class=\"wp-block-button has-custom-font-size is-style-outline has-small-font-size is-style-outline--1\"><a class=\"wp-block-button__link has-purple-color has-light-blue-background-color has-text-color has-background wp-element-button\" href=\"mailto:Wolf.W.Richter@gmx.de\" style=\"border-radius:81px\" target=\"_blank\" rel=\"noopener\">Kontakt<\/a><\/div>\n<\/div>\n\n\n\n<p class=\"has-white-color has-text-color\"><\/p>\n\n\n<ul class=\"wp-block-latest-posts__list wp-block-latest-posts\"><li><div class=\"wp-block-latest-posts__featured-image alignleft\"><img loading=\"lazy\" decoding=\"async\" width=\"150\" height=\"150\" src=\"https:\/\/wolfrichter.de\/wp-content\/uploads\/2023\/02\/Gluehbirne-150x150.jpg\" class=\"attachment-thumbnail size-thumbnail wp-post-image\" alt=\"\" style=\"max-width:150px;max-height:150px;\" \/><\/div><a class=\"wp-block-latest-posts__post-title\" href=\"https:\/\/wolfrichter.de\/?p=82\"><strong>Prozessrisiko<\/strong><\/a><div class=\"wp-block-latest-posts__post-excerpt\">Gottlob leben wir in Deutschland in einem Rechtsstaat. Das ist alles andere als selbstverst\u00e4ndlich: siehe nur Russland, Ungarn, Polen oder die T\u00fcrkei. Warum rate ich gleichwohl in vielen F\u00e4llen, jedenfalls erst einmal, von einem Prozess &hellip; <a href=\"https:\/\/wolfrichter.de\/?p=82\" class=\"more-link\"><span class=\"screen-reader-text\"><strong>Prozessrisiko<\/strong><\/span> weiterlesen<\/a><\/div><\/li>\n<\/ul>\n\n\n<p><\/p>\n","protected":false},"excerpt":{"rendered":"<p>&nbsp;&nbsp;&nbsp;&nbsp;&nbsp;&nbsp;&nbsp;&nbsp;&nbsp;&nbsp;&nbsp;&nbsp;&nbsp;&nbsp;&nbsp;&nbsp;&nbsp;&nbsp;&nbsp;&nbsp;&nbsp;&nbsp;&nbsp;&nbsp;&nbsp;&nbsp;&nbsp;&nbsp;&nbsp;&nbsp;&nbsp; \u201eEinen Gerichtsprozess tunlichst vermeiden\u201c Vertrauen Sie der Erfahrung, der Strategie und dem Verhandlungsgeschick eines Bundesrichters a.D. &nbsp;&nbsp;&nbsp;&nbsp;&nbsp;&nbsp;&nbsp;&nbsp;&nbsp;&nbsp;&nbsp;&nbsp;&nbsp;&nbsp;&nbsp;&nbsp;&nbsp;&nbsp;&nbsp;&nbsp;&nbsp;&nbsp;&nbsp;&nbsp;&nbsp;&nbsp;&nbsp;&nbsp;&nbsp;&nbsp;&nbsp;&nbsp;&nbsp;&nbsp;&nbsp;&nbsp;&nbsp;&nbsp;&nbsp;&nbsp;&nbsp;&nbsp;&nbsp;&nbsp;&nbsp;&nbsp;&nbsp;&nbsp;&nbsp; Meine Kanzlei Meine Kanzlei, die ich als Einzelanwalt in Berlin-Zehlendorf betreibe, ist eine Anwaltskanzlei der etwas anderen Art.&nbsp;&nbsp;&nbsp;&nbsp;&nbsp;&nbsp;&nbsp;&nbsp;&nbsp;&nbsp;&nbsp;&nbsp;&nbsp;&nbsp;&nbsp;&nbsp;&nbsp;&nbsp;&nbsp;&nbsp;&nbsp;&nbsp;&nbsp;&nbsp;&nbsp;&nbsp;&nbsp;&nbsp;&nbsp;&nbsp;&nbsp;&nbsp;&nbsp;&nbsp;&nbsp;&nbsp;&nbsp;&nbsp;&nbsp;&nbsp;&nbsp;&nbsp;&nbsp;&nbsp;&nbsp;&nbsp;&nbsp;&nbsp;&nbsp;&nbsp;&nbsp;&nbsp;&nbsp; Ich war mein Leben lang Richter (Verwaltungsrichter), zuletzt 16 Jahre am Bundesverwaltungsgericht. Durch meine richterlichen Erfahrungen stellt naturgem\u00e4\u00df das &hellip; <a href=\"https:\/\/wolfrichter.de\/\" class=\"more-link\"><span class=\"screen-reader-text\">Wolf-Wilhelm Richter<\/span> weiterlesen<\/a><\/p>\n","protected":false},"author":3,"featured_media":19,"parent":0,"menu_order":1,"comment_status":"closed","ping_status":"closed","template":"","meta":{"footnotes":""},"class_list":["post-24","page","type-page","status-publish","has-post-thumbnail","hentry"],"_links":{"self":[{"href":"https:\/\/wolfrichter.de\/index.php?rest_route=\/wp\/v2\/pages\/24","targetHints":{"allow":["GET"]}}],"collection":[{"href":"https:\/\/wolfrichter.de\/index.php?rest_route=\/wp\/v2\/pages"}],"about":[{"href":"https:\/\/wolfrichter.de\/index.php?rest_route=\/wp\/v2\/types\/page"}],"author":[{"embeddable":true,"href":"https:\/\/wolfrichter.de\/index.php?rest_route=\/wp\/v2\/users\/3"}],"replies":[{"embeddable":true,"href":"https:\/\/wolfrichter.de\/index.php?rest_route=%2Fwp%2Fv2%2Fcomments&post=24"}],"version-history":[{"count":24,"href":"https:\/\/wolfrichter.de\/index.php?rest_route=\/wp\/v2\/pages\/24\/revisions"}],"predecessor-version":[{"id":108,"href":"https:\/\/wolfrichter.de\/index.php?rest_route=\/wp\/v2\/pages\/24\/revisions\/108"}],"wp:featuredmedia":[{"embeddable":true,"href":"https:\/\/wolfrichter.de\/index.php?rest_route=\/wp\/v2\/media\/19"}],"wp:attachment":[{"href":"https:\/\/wolfrichter.de\/index.php?rest_route=%2Fwp%2Fv2%2Fmedia&parent=24"}],"curies":[{"name":"wp","href":"https:\/\/api.w.org\/{rel}","templated":true}]}}